 divisor of 12 and u?
12
Let q be 966/30 - 16/(-20). What is the highest common divisor of q and 11?
11
Suppose 5*i - i + 4*t = 4, 2*i + 10 = -5*t. Calculate the highest common divisor of i and 45.
5
Let b = 16 - 12. Let r be 344/12 + b/(-6). Suppose 0*l = -l + 42. What is the greatest common divisor of l and r?
14
Suppose -8 = -4*o + 4. Suppose o*r + 15 = 4*w - 2*r, 0 = -4*w - r + 21. What is the highest common divisor of w and 5?
5
Let m be 6/(-15) - 64/(-10). Suppose -4*a + 1 = -59. Suppose z - a = -0*z. What is the highest common factor of z and m?
3
Let s(m) = -m**2 + 3*m + 6. Let d be s(4). What is the greatest common divisor of 18 and d?
2
Suppose 7*n = 2*n - 140. Let l = n + 48. What is the greatest common divisor of 10 and l?
10
Suppose -7 = 8*r - 439. Calculate the highest common divisor of 12 and r.
6
Let w be (-98)/(-8) + (-6)/(-8). Suppose 5 = -4*l - 3*j - 0*j, -4*j = -l + w. What is the highest common factor of l and 1?
1
Suppose 4*m - 70 = 58. Let i(l) = l. Let s(b) = b + 1. Let j(p) = -5*i(p) + 4*s(p). Let x be j(-4). What is the highest common divisor of x and m?
8
Let x be (40/(-16))/(1/(-2)). Let l = 7 - x. Let q be 3/(3 + l*-1). Calculate the greatest common divisor of 3 and q.
3
Suppose 6*p + 12 = 3*p. Let u be 0 - p/((-12)/(-243)). What is the highest common factor of 9 and u?
9
Let p(a) = -2*a**2 + 28*a - 11. Let t be p(11). Suppose -y + 2 + 3 = 0. Calculate the highest common divisor of t and y.
5
Suppose 3*l - 5*o - 93 = 55, -5*l - o + 228 = 0. Calculate the highest common factor of l and 23.
23
Let q(x) = -2*x. Let u be q(-3). Let k = 128 + -62. Calculate the greatest common divisor of u and k.
6
Let b(c) = 3*c - 1. Let a(k) = -k**3 + 3*k**2 - 2*k + 2. Let f be a(2). Let t be b(f). Let i = -54 + 99. Calculate the highest common divisor of i and t.
5
Let v(y) = 0 - 2*y**2 + 1 + 0 - 29*y**3. Let k be v(-1). What is the greatest common divisor of k and 42?
14
Suppose -y = 3*t - 64, -3*t - y = -4*t + 20. Let r = 18 + -18. Let s(h) = h**3 + h + 42. Let d be s(r). Calculate the greatest common factor of d and t.
21
Let t = -14 + 3. Let q = -7 - t. Let i(u) = 2*u**2 - 6. Let x be i(5). What is the highest common divisor of x and q?
4
Let v(l) = 3*l - 21. Let z be v(12). Calculate the greatest common factor of z and 60.
15
Suppose 0 = -4*r + 74 - 18. Calculate the highest common divisor of r and 42.
14
Let w be 0 + 11 + 0/1. What is the greatest common divisor of 55 and w?
11
Suppose s - 3 + 0 = 0. Let y be 84/9 - s/9. Let o(v) = v**2 + 4*v + 6. Let q be o(-7). What is the greatest common factor of y and q?
9
Let p be -2 + 3 - 0 - -16. Calculate the highest common divisor of 34 and p.
17
Suppose 3*r = 5*m - 23, 0 = 3*m + 5*r + 2 - 9. Suppose 0 = a + 4*l - 71, 0 = 4*a - 2*a - m*l - 94. Calculate the greatest common divisor of 5 and a.
5
Suppose 6*t = 7*t - 48. Calculate the greatest common divisor of t and 6.
6
Let d(y) = 5*y**2 + y. Let w be d(1). What is the greatest common factor of 3 and w?
3
Let a be 66/(-60)*12*-5*1. Calculate the greatest common factor of a and 165.
33
Let c be 18/10 + 2/10. Suppose 0 = c*n - n - 105. Let u be 6/21 - 103/(-7). What is the greatest common divisor of u and n?
15
Let d = -2 + 5. Suppose -s - d*s = -8. Calculate the greatest common divisor of s and 4.
2
Let p = 132 + -118. What is the highest common divisor of 154 and p?
14
Suppose 5*u - 2*p = 57, 4*u - 54 = -2*p + 6. Calculate the highest common divisor of u and 104.
13
Suppose -1 = -u + 6. Suppose 2*f + 475 = u*f. Suppose -3*v + f = 2*v. What is the highest common factor of v and 95?
19
Let k = 14 - 12. Suppose 0 = 4*t, -5*w - k*t + 540 = 155. Calculate the greatest common divisor of 7 and w.
7
Suppose 0*a + 2*a + 4*j = 20, -j + 4 = 0. Suppose -5*i + 3*g - 338 = -82, 4*g = -a*i - 92. Let q = -4 - i. Calculate the greatest common factor of q and 23.
23
Suppose -y = 5*d - 33, 0*d - 4*d - 4*y = -36. Let z(h) = -12*h**3. Let w be z(-1). Suppose 15 = 3*t - w. What is the highest common divisor of t and d?
3
Let o = -7 + 17. Suppose -5*x + 4*x + o = 0. What is the greatest common factor of 4 and x?
2
Let s be (3 + -4)/(1/(-209)). Calculate the greatest common factor of s and 19.
19
Suppose 4*t + 3*j = -j + 792, -604 = -3*t + 2*j. Calculate the greatest common divisor of t and 40.
40
Suppose 356 = 21*l - 64. Calculate the highest common divisor of l and 220.
20
Let o = -11 - -2. Let x be o/2*10/(-5). Suppose 3*a = -6, -3*a + 176 = 5*w - a. What is the greatest common divisor of x and w?
9
Suppose 63 = 3*z + 5*r, 3*z = -2*z + 2*r + 74. Let g be 1/3 + (-71)/(-3). Calculate the greatest common divisor of z and g.
8
Let z(f) be the third derivative of f**6/30 - f**5/30 - f**4/12 + 2*f**2. Let h = 1 + 1. Let g be z(h). What is the highest common divisor of 60 and g?
20
Suppose 4*a + 56 = s + 3*s, -2*s = -4*a - 28. Calculate the highest common divisor of 70 and s.
14
Let w(b) = 5 + 0 - 4 + b + 3. Let r be w(10). Calculate the greatest common divisor of r and 98.
14
Let l(z) = 56*z - 7. Let f be l(2). Calculate the highest common factor of f and 21.
21
Suppose s + 8 = i - 1, 17 = -s + 3*i. Let o = 9 + s. Let p = 54 - 38. Calculate the greatest common divisor of p and o.
4
Let f(g) = -g**3 + 10*g**2 + 13*g - 14. Let b be f(11). Calculate the highest common divisor of b and 12.
4
Let o(n) be the first derivative of -18*n**2 + 4*n + 5. Let z be o(-3). Calculate the highest common divisor of 14 and z.
14
Let f(d) = 4*d - 5. Let w(i) = i**2 - i - 4. Let o be w(3). Let m be f(o). What is the greatest common factor of m and 24?
3
Suppose -i - 1 = 3*k, -3*k + 19 = -0*k - 4*i. Let l = -7 - -12. Suppose -7 = -l*f + 33. Calculate the highest common divisor of f and k.
1
Let d = -2 - -6. Let k = 11 - d. Calculate the greatest common divisor of k and 35.
7
Let o = -16 + 28. Calculate the highest common factor of 96 and o.
12
Suppose 0 = z + 5 + 3. Let y = z + 9. What is the highest common divisor of y and 4?
1
Let y(f) = 1 - 2 + f**3 + 5. Let n be y(0). Let w = 8 + -6. Calculate the highest common divisor of w and n.
2
Let p = -29 + 47. What is the highest common divisor of p and 27?
9
Let v(f) = f + 3. Suppose 8 = -2*a + 2. Let u be v(a). Suppose 8*j - 33 = 4*j - 3*g, j + g - 9 = u. Calculate the greatest common factor of j and 15.
3
Suppose -v - 4*i + 104 = 0, -2*v = -6*i + i - 182. Suppose 9*r + v = 12*r. Suppose 0 = -6*w + w + 40. What is the greatest common factor of w and r?
8
Let b be (-966)/92*(0/(-1) + -2). What is the greatest common factor of 42 and b?
21
Let s = 29 + -21. Suppose -6*p = -2*p - 52. Let g = -5 + p. What is the highest common factor of g and s?
8
Let g be (30/25)/((-4)/(-30)). Calculate the highest common factor of 135 and g.
9
Let p(d) = 12*d**2 - 11*d + 5. Let n be p(-5). What is the greatest common factor of 45 and n?
45
Let p(t) = 3*t**3 + 2*t**2 + 2*t + 1. Let c be p(-1). Let y be (16/(-40))/(c/50). Calculate the greatest common factor of 20 and y.
10
Let y be 2/7 + (-12)/42. Suppose 2*d = -y + 16. Calculate the greatest common divisor of 4 and d.
4
Let d be 15*(-2)/(-6) + 15. Calculate the highest common factor of d and 5.
5
Let m = -19 - -27. Suppose -5*c + m*c = 81. What is the highest common divisor of c and 9?
9
Suppose -5*k - 2*p = -70 - 90, 5*k - 160 = 3*p. Calculate the highest common divisor of k and 8.
8
Suppose 2 = q - 0. Let u be (9/q)/((-3)/(-8)). Let k be (1*4)/(4/u). What is the highest common divisor of k and 6?
6
Suppose u = 2, 3*u = d + 1 + 3. What is the greatest common divisor of d and 6?
2
Let y(n) = 2*n + 5. Let r be y(-2). Calculate the greatest common factor of 7 and r.
1
Suppose -2*a + 3*s + 27 = 0, 1 = 3*s - 4*s. Calculate the greatest common divisor of 132 and a.
12
Let o(n) = 2*n**2 - 6*n - 3. Let j be o(5). Let q(i) = -4*i**3 - 2*i**2 + i - 2. Let l be q(-3). What is the highest common divisor of l and j?
17
Suppose -5*k - 1 = 4*t - 147, -5*t = 5*k - 150. Suppose 5*n + 1 = -4. Let v be 1/n + 207 - -2. Calculate the highest common factor of k and v.
26
Let y(b) = -b**2 - b + 1. Let n(r) = -r**3 - 5*r**2 - 5*r - 6. Let c(k) = -n(k) - 2*y(k). Let h be c(-5). What is the highest common divisor of h and 38?
19
Let h(y) = -y**3 + 10*y**2 - 6*y + 17. Let l be h(9). Calculate the highest common divisor of l a